9).
-24
Let p(u) = -u**2 + 137*u + 25067. Give p(241).
3
Let b(c) = -143*c + 6747. Give b(47).
26
Let g(n) = n**3 + 25*n**2 - 1405*n + 30. Calculate g(27).
3
Let p(z) = -75*z - 4027. Determine p(-53).
-52
Let p(a) = -5*a - 316. Determine p(-72).
44
Let w(y) = 57*y + 322. Determine w(-6).
-20
Let t(x) = 2*x**3 - 25*x**2 - 59*x + 229. Calculate t(14).
-9
Let s(z) = 5*z + 336. Calculate s(-33).
171
Let o(x) = -x**2 - 10*x - 81. Calculate o(-17).
-200
Let v(g) = 1023*g - 1006. Determine v(1).
17
Let b(y) = y**3 - 30*y**2 - 26*y + 782. What is b(30)?
2
Let l(q) = 2*q**3 - 68*q**2 + 65*q + 20. Determine l(33).
-13
Let o(q) = 2*q**2 + 190*q + 428. Give o(-94).
240
Let x(p) = p**2 + 87*p + 597. What is x(-8)?
-35
Let v(f) = -326*f - 1298. Calculate v(-4).
6
Let i(l) = -9*l**2 + 28. Determine i(0).
28
Let v(r) = 124*r - 1354. What is v(11)?
10
Let j(l) = -5*l**2 + l - 11. Give j(-1).
-17
Let j(b) = -3*b**3 - 36*b**2 + 23*b - 60. What is j(-13)?
148
Let b(d) = -4*d**3 - 139*d**2 + 35*d + 19. Calculate b(-35).
19
Let s(w) = -2*w**3 - 385*w**2 - 3477*w + 39. What is s(-183)?
39
Let c(m) = -m**2 - 3*m + 236. Calculate c(-15).
56
Let n(o) = -2*o**2 + 10*o + 687. Give n(21).
15
Let n(a) = 59*a - 457. Determine n(6).
-103
Let o(i) = -i**2 - 313*i + 6312. What is o(19)?
4
Let w(x) = -x**3 + 4*x**2 + 87*x - 356. Give w(10).
-86
Let k(i) = -18*i**2 + 83*i + 182. Give k(-2).
-56
Let f(w) = -w**3 + 24*w**2 + 431*w + 3. What is f(-12)?
15
Let d(n) = n**2 + 36*n + 62. Give d(-37).
99
Let c(x) = -x**2 + 58*x - 111. What is c(56)?
1
Let h(i) = -2*i**3 - 56*i**2 + 74*i + 150. What is h(-29)?
-314
Let k(g) = -g**3 - 16*g**2 + 23*g + 99. Give k(-17).
-3
Let y(v) = 12*v**2 - 70*v - 4. Determine y(6).
8
Let u(t) = 2*t**2 - 27*t - 764. Determine u(-14).
6
Let u(j) = 23*j - 517. Calculate u(23).
12
Let g(t) = t**3 + 5*t**2 - 232*t - 55. Determine g(13).
-29
Let n(j) = j**3 + 13*j**2 + 37*j - 17. Determine n(-8).
7
Let x(b) = 3793*b + 11362. Determine x(-3).
-17
Let q(z) = -183*z - 15182. Determine q(-83).
7
Let x(q) = -142*q - 22590. Give x(-159).
-12
Let u(y) = -y**3 - 3*y**2 - 26*y + 20. Determine u(0).
20
Let y(n) = -109*n - 261. Calculate y(-5).
284
Let l(n) = -30*n + 322. What is l(10)?
22
Let j(d) = -231*d + 738. Determine j(4).
-186
Let f(t) = t**3 + 6*t**2 - 7*t + 7. What is f(-8)?
-65
Let w(z) = z**2 - 14*z - 64. What is w(17)?
-13
Let b(h) = -h - 49. What is b(-29)?
-20
Let g(h) = -9*h - 35. Give g(-30).
235
Let w(l) = l**3 + 34*l**2 + 31*l - 64. Determine w(-33).
2
Let z(i) = 192*i + 4210. Determine z(-22).
-14
Let y(i) = -7*i + 111. Calculate y(20).
-29
Let o(z) = 65*z + 2794. Give o(-43).
-1
Let t(l) = 11*l**2 + 9*l - 25. What is t(4)?
187
Let o(j) = 12*j + 188. Determine o(-37).
-256
Let i(j) = -5*j**2 - 20*j - 63. What is i(-7)?
-168
Let k(r) = -13*r**2 - 189*r + 377. What is k(2)?
-53
Let i(y) = 7*y - 20. Determine i(-11).
-97
Let u(j) = 98*j + 41. Determine u(0).
41
Let p(j) = j**3 + 7*j**2 + 5*j + 109. What is p(-8)?
5
Let c(p) = 2*p**3 - 68*p**2 + 68*p - 38. What is c(33)?
28
Let l(d) = 5*d**2 + 280*d + 9. Calculate l(-56).
9
Let g(n) = n**3 + n**2 + 2*n - 179. What is g(0)?
-179
Let x(y) = -y**3 - y**2 + 29*y - 5. What is x(-6)?
1
Let y(f) = -3*f**3 + 8*f**2 + 20*f - 7. Determine y(-3).
86
Let m(n) = -n**3 + 53*n**2 - 94*n + 83. Determine m(51).
491
Let i(n) = 10*n**2 + 1972*n + 373. Calculate i(-197).
-21
Let v(d) = -9601*d + 19206. Calculate v(2).
4
Let y(m) = 662*m + 3958. Calculate y(-6).
-14
Let p(a) = a**3 + 12*a**2 - 105*a + 44. Calculate p(-18).
-10
Let v(l) = l**2 - 6*l - 15. What is v(8)?
1
Let x(a) = -a**3 - 13*a**2 - 19*a - 6. What is x(-6)?
-144
Let u(m) = -458*m + 3183. Determine u(7).
-23
Let c(r) = 44*r + 27. Determine c(-2).
-61
Let w(l) = -15*l - 515. Determine w(-32).
-35
Let x(i) = 28*i**2 - 167*i + 163. Calculate x(1).
24
Let d(x) = 39*x + 133. What is d(-4)?
-23
Let j(k) = k**3 + 6*k**2 + 5*k - 15. Give j(-3).
-3
Let z(i) = i**3 - 23*i**2 - 568*i - 69. Calculate z(38).
7
Let a(g) = -11*g**3 + 9*g**2 + 6*g + 29. Give a(4).
-507
Let f(m) = -153*m + 26. Determine f(0).
26
Let t(i) = -5*i**2 + 63*i + 130. Give t(15).
-50
Let o(c) = -3*c**2 + 3*c - 63. Determine o(6).
-153
Let f(u) = -7*u + 405. What is f(24)?
237
Let x(p) = p**3 + 4*p**2 + 96*p + 451. What is x(-5)?
-54
Let n(m) = -13*m**2 + 481*m + 4. Give n(37).
4
Let z(u) = 26*u - 392. Calculate z(-2).
-444
Let f(j) = -j**3 - 56*j**2 - 46*j + 508. Determine f(-55).
13
Let u(b) = 2*b**3 - 75*b**2 + 54*b - 608. Give u(37).
21
Let z(x) = x**3 - 38*x**2 - 77*x - 30. Calculate z(40).
90
Let c(i) = -5*i**3 + 412*i**2 + 250*i - 94. What is c(83)?
-11
Let p(o) = 11*o + 113. Give p(-17).
-74
Let q(o) = -o**3 + 27*o**2 - 183*o + 30. What is q(15)?
-15
Let a(f) = -8*f**2 - 90*f - 16. Give a(-14).
-324
Let w(j) = -23*j + 50. What is w(2)?
4
Let a(l) = 7*l**2 + 441*l - 11. Calculate a(-63).
-11
Let w(q) = 10*q**3 - 6*q**2 - 6*q + 14. Give w(-2).
-78
Let i(b) = -b**2 + 156*b - 1855. Give i(11).
-260
Let u(b) = b**2 + 39*b - 45. Determine u(-40).
-5
Let k(f) = f**3 - 9*f**2 - 17*f + 6. Give k(10).
-64
Let s(o) = -5*o**3 - 30*o**2 + 47*o + 285. Give s(-6).
3
Let r(x) = -33*x**2 + 1761*x - 633. Give r(53).
3
Let w(b) = -b**3 - 7*b**2 + 31*b + 30. Determine w(-10).
20
Let j(a) = a**3 - 2*a**2 - 19*a + 66. Determine j(5).
46
Let i(r) = -5*r**2 - 28*r + 167. Give i(5).
-98
Let f(u) = 126*u + 2399. Calculate f(-19).
5
Let z(i) = -67*i + 141. Give z(2).
7
Let g(n) = 3*n**2 + 11*n - 41. Give g(-8).
63
Let a(o) = o**3 + 10*o**2 + 80*o + 274. Determine a(-5).
-1
Let p(c) = -337*c + 67745. Determine p(201).
8
Let i(j) = -39*j - 416. Determine i(-8).
-104
Let z(s) = s**3 - 10*s**2 + 57*s - 134. What is z(5)?
26
Let i(w) = -w**2 - 57*w - 816. Calculate i(-26).
-10
Let h(a) = -a**3 - a**2 - 13*a - 37. What is h(-5)?
128
Let l(c) = -97*c + 1299. Calculate l(13).
38
Let a(n) = 2*n**3 - 26*n**2 - 2*n + 223. Determine a(13).
197
Let q(p) = -p**3 - 47*p**2 + 100*p + 46. Calculate q(-49).
-52
Let c(a) = a**2 - 53*a - 759. Determine c(65).
21
Let k(x) = -630*x + 1475. Determine k(2).
215
Let l(d) = 11*d**2 - 73*d - 131. Calculate l(8).
-11
Let u(n) = 765*n - 91040. Give u(119).
-5
Let i(j) = -j**2 + 134*j - 4406. What is i(58)?
2
Let k(g) = g**3 + 9*g**2 - 15*g + 8. Give k(-10).
58
Let y(b) = 73*b - 853. Calculate y(13).
96
Let h(w) = -1257*w**2 - 3770*w + 3. Determine h(-3).
0
Let s(g) = g**3 + 100*g**2 + 77*g - 2180. Determine s(-99).
-2
Let w(b) = b**3 + 154*b**2 - 240*b - 13175. Determine w(-155).
0
Let t(m) = m**2 + 62*m + 974. What is t(-29)?
17
Let v(x) = 22*x - 30. Give v(8).
146
Let k(v) = 29982*v - 59966. Calculate k(2).
-2
Let u(l) = 6*l**2 - 564*l - 569. Give u(95).
1
Let h(z) = -91*z - 1751. Calculate h(-20).
69
Let d(i) = -148*i - 9170. Calculate d(-62).
6
Let a(u) = -u**2 - 7*u + 13. Determine a(-5).
23
Let y(k) = 9*k - 98. Determine y(13).
19
Let x(d) = 2*d**2 + 8568*d + 42789. What is x(-5)?
-1
Let b(x) = -x**3 + 6*x**2 - 300*x + 1161. Give b(4).
-7
Let d(t) = t**2 + 999*t - 11111. Calculate d(11).
-1
Let h(s) = -1395*s**2 - 18138*s - 18. Determine h(-13).
21
Let c(a) = -2*a**3 + 52*a**2 + 119*a - 162. What is c(28)?
34
Let m(y) = 19*y**3 + 95*y**2 + 3*y + 14. Determine m(-5).
-1
Let u(t) = t**2 - 126*t - 1374. Calculate u(-10).
-14
Let y(t) = 3*t**3 - 47*t**2 + 82*t - 342. Give y(14).
-174
Let j(k) = -k**2 - 28*k - 20. Determine j(-22).
112
Let y(h) = 4*h - 210. Determine y(52).
-2
Let w(j) = 3*j**2 - 23*j - 53. Determine w(10).
17
Let x(w) = 4*w**3 + 199*w**2 + 150*w + 193. Calculate x(-49).
46
Let t(q) = 215*q - 1468. Calculate t(7).
37
Let q(t) = -144*t + 2315. Calculate q(16).
11
Let h(u) = -2*u**3 - u**2 + 11*u - 4. What is h(0)?
-4
Let f(y) = 11*y**3 - 7*y**2 - 15*y + 6. What is f(-2)?
-80
Let s(z) = 6*z - 186. Give s(37).
36
Let y(b) = -22*b**3 + 46*b**2 + 106*b - 217. Calculate y(2).
3
Let j(t) = -21*t - 118. What is j(-6)?
8
Let m(x) = 93*x - 523. Determine m(5).
-58
Let s(y) = -y**3 - 7*y**2 + 207*y + 1765. Determine s(-10).
-5
Let h(x) = -18*x**3 + 54*x**2 + 2*x + 12. What is h(3)?
18
Let v(t) = 2*t**2 + 21*t - 82. Calculate v(-21).
359
Let g(c) = 2*c**2 + 31*c - 195. Determine g(-19).
-62
Let h(u) = u**3 + 16*u**2 + 45*u + 115. Give h(-12).
151
Let g(f) = -f**3 + 30*f**2 - 162*f - 17. 